greatest common factor of m and 120?
24
Suppose 8 = -2*z + 28. Let i(f) = f - 5. Let m be i(7). Calculate the highest common factor of z and m.
2
Suppose 0*d - d + 2 = 0. Let j be 2*d/2 - -1. Suppose -j*n + 4*n = 12. Calculate the greatest common divisor of n and 96.
12
Let u = -3 - -17. Suppose 0 = 4*k - u - 26. Calculate the highest common factor of 80 and k.
10
Let c = -47 + 57. What is the highest common divisor of 4 and c?
2
Let v = 0 + 6. Let c be (-10)/(-60) - (-545)/v. Calculate the greatest common factor of 13 and c.
13
Suppose -3*n = -k - 2*k - 18, 3*k + 3*n = 0. Let i = k + 5. Calculate the highest common factor of 2 and i.
2
Let k(d) = -d**3 + 10*d**2 - 7*d - 13. Let u be k(9). Suppose u*o = 77 + 23. Calculate the highest common divisor of o and 50.
10
Suppose 24 = b - 32. Calculate the greatest common divisor of b and 140.
28
Let y(w) = 36*w - 5. Let i be y(7). Let l = i + -115. Let k(n) = -3*n**3 - 4*n**2 - 2*n. Let u be k(-2). What is the highest common factor of l and u?
12
Suppose -3*u = 6, 3*a = -u + 2 - 4. Suppose -5*t + a = 5. Let j be 2/4*10 + t. What is the highest common divisor of j and 4?
4
Let s be (1 - 1)/(-1) - -110. Suppose 0*p = 5*p - 110. Calculate the greatest common factor of p and s.
22
Let h(z) = 3*z - 10. Let n be h(8). Suppose 364 + 126 = 5*t. What is the highest common divisor of n and t?
14
Suppose t = -t + 32. Suppose -2*a = -4*a + 2*m - 316, 3*a + m = -466. Let y = a + 220. Calculate the greatest common divisor of t and y.
16
Let n(y) = -y**2 + 9*y - 6. Let b be n(6). Calculate the greatest common divisor of 18 and b.
6
Suppose k - 6 = 4. Suppose 4*p + 49 + 171 = -5*u, -p + 2*u - 55 = 0. Let y = -30 - p. Calculate the highest common factor of y and k.
5
Let r(l) = -l**3 - 4*l**2 - 1. Let k be r(-2). Let y = 3 - k. Suppose 180 + 60 = 5*n. What is the highest common factor of n and y?
12
Suppose 15*o - 7 = 14*o. Calculate the greatest common divisor of o and 28.
7
Let w be 48/(7 + -1) - -2. Suppose -p + 15 = 2*p. What is the greatest common divisor of p and w?
5
Suppose 4*g + 8 = 0, -5*g + 3 = 2*h - 5. Calculate the greatest common factor of 9 and h.
9
Let r(p) = 5*p**2 + p - 2. Let w be r(1). Calculate the greatest common divisor of 6 and w.
2
Let h be (-1 + 17)*(-21)/(-3). What is the greatest common divisor of h and 14?
14
Let f be (0 - -6*2) + -1. What is the highest common divisor of 88 and f?
11
Let l be 3 - 0*(-2)/(-6). Suppose -l*k + 220 = -200. Calculate the highest common factor of k and 14.
14
Suppose 2*d - 7*d + 1225 = 0. Calculate the highest common factor of d and 35.
35
Suppose 2 - 14 = 3*n. Let s = n + 4. Suppose s*f = 4*f - 8. What is the highest common factor of f and 6?
2
Let d be (9/4)/(3/24). Calculate the highest common divisor of d and 54.
18
Let h = -17 - -17. Let q be (1 - h)/((-6)/(-12)). Calculate the highest common divisor of 1 and q.
1
Let o(w) = -24*w + 1. Let p be 86/6 + (-2)/(-3). Suppose -2*k = k + p. Let l be o(k). Calculate the greatest common divisor of 11 and l.
11
Let g be 22 - (-5 + 5 + -3). Suppose 0 = 4*f + 2*l - 94, -4*l + 3*l = -f + g. Calculate the highest common factor of 36 and f.
12
Let h = 35 + 29. What is the greatest common factor of h and 8?
8
Let z(o) = -9*o. Let v be z(-5). Suppose -76 = -3*y - 61. Calculate the highest common factor of y and v.
5
Let f be (-24)/(-15) + (0 - (-6)/15). What is the greatest common factor of 16 and f?
2
Suppose 0*a = 2*a - 26. Let s = a + -7. What is the greatest common factor of s and 24?
6
Let x be (-63)/(-5) + 8/20. Calculate the greatest common factor of x and 65.
13
Let d = -8 + 32. Calculate the greatest common divisor of d and 12.
12
Let z be (6/(6/(-11)))/((-1)/3). What is the greatest common divisor of z and 11?
11
Let y(r) = -r**2 - 2*r + 5. Let l be y(-4). Let v be (-212)/l + (-8)/12. Calculate the highest common factor of 14 and v.
14
Suppose 0 = -3*y + 2*x + 15, -5*x + 22 = y - 0*x. Let p(h) = h**3 - h**2 + 7. Let f be p(0). What is the greatest common factor of y and f?
7
Let r(g) = 5*g - 11. Let d(s) = 4*s - 10. Let p(n) = 4*d(n) - 3*r(n). Let l be p(8). Calculate the highest common factor of 8 and l.
1
Let j(n) = 6*n + 115. Let z be j(-19). Let o be -5 + -1 + 2 + -1. Let s = -2 - o. What is the highest common factor of z and s?
1
Let t(b) = 1 - 3*b**3 + 2*b**2 + 2*b - b**2 + 0*b**2. Let f be t(-1). Let r = f + 5. Calculate the highest common divisor of 16 and r.
8
Let f(a) = -a + 14. Let z be f(-11). Calculate the greatest common divisor of 25 and z.
25
Let h(o) = -o**2 + 31*o + 39. Let c be h(31). Calculate the greatest common divisor of 26 and c.
13
Suppose 4*x + 0*x - 5*c - 54 = 0, 2*x + 2*c = 36. Suppose 0 = 5*s + 2*k - 88, 2*s - 3*s + 3*k + 4 = 0. What is the highest common factor of x and s?
16
Let c be -6*(3/(-3))/2. Suppose q = -c*q + 448. What is the highest common divisor of 16 and q?
16
Suppose -3*u = 4*w - 44, -28 = -4*w - 8. Let f = 13 + -5. What is the highest common divisor of f and u?
8
Suppose -x - 4*x = -30. Let u be (-1)/(-2) - 93/(-6). Suppose -46 + u = -5*t. What is the greatest common factor of x and t?
6
Suppose g + 495 = 6*g. Let k be 4/6 + 75/9. Calculate the greatest common divisor of k and g.
9
Let z be ((-72)/(-12))/(3/8). What is the highest common factor of z and 16?
16
Let w be 30/2 + (2 - (1 + 4)). Calculate the greatest common factor of w and 60.
12
Let q be (-3 - 7)*(-5)/2. Calculate the highest common factor of q and 25.
25
Let t(g) = 3*g**2 - 3*g. Let i be t(-5). Suppose f - i = -2*f. Suppose -y + 2*y - f = 0. What is the greatest common factor of y and 10?
10
Let b(t) = -t**3 - 5*t**2 + 5*t + 1. Let d be b(-6). What is the greatest common factor of 14 and d?
7
Let v(i) = 2*i**3 - i**2 + i - 2. Let z be v(2). Let t = -4 + z. Let j = 158 - 102. Calculate the greatest common divisor of t and j.
8
Let b = 26 + 12. Let j = b + -16. Let t(s) = 3*s + 2. Let i be t(3). Calculate the highest common divisor of i and j.
11
Let d(u) be the first derivative of 5*u**3/3 - u**2 + 15. Suppose -3*c + 4 = -2. Let r be d(c). What is the greatest common divisor of r and 2?
2
Suppose -5*y - 49 = -64. Calculate the highest common factor of y and 15.
3
Let l be (-1*2)/(6/(-288)). What is the greatest common factor of 64 and l?
32
Let f = 25 - 4. Calculate the greatest common divisor of f and 84.
21
Let i = 22 - 18. Suppose 2*a = -2*a - 2*k + 2, -4*k = 4*a + 4. Calculate the highest common divisor of a and i.
2
Let o be (-1 - 1)*1 + 114. Suppose 4*b - 70 = -b. Calculate the greatest common divisor of o and b.
14
Let g = 26 + -18. Calculate the greatest common divisor of 16 and g.
8
Let l(v) = -v**3 - 5*v**2 - 7*v - 4. Let g be l(-4). Calculate the greatest common divisor of g and 72.
8
Let m be 4/(2 - -2)*3. What is the greatest common factor of m and 2?
1
Suppose 8 = 3*h - 4, h - 14 = 5*j. Let i be (3/(-6))/(j/32). What is the highest common divisor of 40 and i?
8
Let t be 592/14 - (-2 + (-96)/(-42)). What is the greatest common factor of 462 and t?
42
Let q(p) = 3*p - 7. Let x be q(-12). Let l = -29 - x. Calculate the greatest common factor of l and 14.
14
Let q be 96 - (2 + -4 + 2). Suppose -2*n = 2*n - q. Calculate the highest common divisor of n and 8.
8
Suppose -5*k - 12*k + 68 = 0. Let d = 37 + -25. Calculate the greatest common factor of d and k.
4
Let j(w) = -62*w - 3. Let h be j(-4). What is the greatest common factor of 35 and h?
35
Let f be (-195)/26*(-24)/(-10). Let u be (f/24)/(1/(-12)). Calculate the highest common factor of 72 and u.
9
Suppose 0 = 3*j - 3, 3*r + 3*j - 92 = -2. Calculate the greatest common divisor of r and 87.
29
Suppose 67 = 3*p - 8. Suppose -x - p = -6*x. Let w(o) = o. Let h be w(1). What is the highest common factor of x and h?
1
Suppose -4*n - 3 = -n. Let a(r) = 5*r**2 + r. Let h be a(n). Calculate the greatest common divisor of h and 2.
2
Let y(a) = -10*a + 3. Let v(m) = 39*m - 13. Let d(g) = 3*v(g) + 13*y(g). Let z be d(-8). Calculate the highest common divisor of 13 and z.
13
Let j = -17 + 0. Let w = -3 - j. What is the highest common factor of w and 28?
14
Let j be ((-63)/(-28))/((-2)/(-16)). Let f be 3/2 + 9/j. Suppose 24 = f*h - 4*d, h + 2*h - 58 = -5*d. What is the greatest common divisor of h and 80?
16
Suppose 0 = 23*h - 20*h - 216. Calculate t